ommon divisor of 315 and m?
35
Let w = 16184 + -15310. Calculate the greatest common factor of w and 138.
46
Let l(g) = -g**3 - 15*g**2 + 47*g + 69. Let y be l(-19). What is the greatest common factor of y and 248?
124
Let a be 0 + 1/((-1)/(-225)). Suppose -5*r + 56 = 2*p + 31, 16*p = r + 733. Calculate the highest common divisor of a and p.
45
Suppose 5*l - 907 + 89 = -4*t, 0 = -t + 2. Calculate the greatest common factor of l and 2349.
81
Let z = 177 + -203. Let r be 369/(-117) + (-4)/z + 7. Let t(g) = -24*g**3 + g**2 + g. Let h be t(-1). Calculate the highest common factor of r and h.
4
Suppose 0 = 8*k - 51 - 77. Let h = -13 + k. Suppose 22 + 2 = d + h*w, 3*d = -w + 40. Calculate the greatest common factor of d and 8.
4
Suppose 13*j = 2*s + 10*j - 1743, 3*j = -9. What is the highest common divisor of 34 and s?
17
Let j = 3645 + -195. Calculate the highest common factor of 150 and j.
150
Let i(c) = -c**2 - 7*c + 25. Let s be i(-9). Suppose 0 = -s*x - 7*x + 126. Suppose 0 = 12*g - x*g - 24. What is the greatest common factor of g and 32?
8
Let c(i) = 2*i**3 - 88*i**2 + 95*i + 93. Let a be c(43). What is the greatest common divisor of a and 195?
15
Let c be 1330/(-760) - 20534/(-8). What is the highest common divisor of c and 15?
15
Suppose 4*l + 3*j = 2*j + 7267, -4*l = 3*j - 7265. What is the greatest common factor of l and 69?
23
Suppose -l - 2*b = -183, -3*b = 6*l - 5*l - 181. Calculate the greatest common factor of l and 153.
17
Let n = -655827 - -655854. Let v(j) = 1 - 28*j**3 - 2*j - j - j**2 + 4*j. Let k be v(-1). What is the greatest common divisor of k and n?
27
Let k(u) be the third derivative of u**5/15 - u**4/6 + 5*u**3/3 - 23*u**2. Let l be k(5). Let i = l + -82. Calculate the greatest common factor of i and 72.
8
Let d = -36622 - -37495. What is the highest common factor of 36 and d?
9
Let s(o) = o + 13. Let x be (1 - (-8)/(-6))/(2/66). Let v be s(x). Calculate the greatest common divisor of v and 16.
2
Suppose -23 - 12 = 5*g. Let f be 84/10*g/(21/20). Let o = f + 80. What is the highest common factor of 168 and o?
24
Suppose 11*p = 282 + 18979. What is the highest common factor of p and 17?
17
Suppose 0 = 2*y - 2*r - 1068, 137*r + 2116 = 4*y + 138*r. What is the greatest common factor of 371 and y?
53
Suppose -57 = -3*n + 45. Suppose 6*c = 4*c + n. Suppose -12*v = -c*v + 60. What is the greatest common divisor of 12 and v?
12
Let j(n) = 7*n**2 + 16*n + 786. Let c be j(-25). What is the highest common divisor of c and 69?
69
Let i(t) = -t**3 - 7*t**2 - 11*t + 6. Let y = 33 + -36. Let z be i(y). Calculate the greatest common divisor of z and 24.
3
Suppose -2*h - 3*i = 10, -6*i - 12 = h - i. Let q be 5 + (-2)/2 - h. Suppose -q*p = -10*p + 40. What is the greatest common factor of p and 110?
10
Let b = 31 + -20. Suppose -3*x = 5*s, 0*x - b = -2*s + x. Suppose -s*u + 16 = 7. Calculate the highest common factor of u and 45.
3
Let f be ((-6)/15)/(-1) + 37433/205. Let b = f + -95. Calculate the highest common divisor of 4 and b.
4
Let p(r) = -63*r - 14*r + 73*r - 20. Let h be p(-13). Calculate the greatest common factor of h and 512.
32
Suppose 4*d - 26 = -s, 3*d = 2*s - 17 - 2. Let z = -896 + 896. Suppose z = 42*x + 666 - 5370. What is the highest common divisor of x and s?
14
Let h = -99 - -187. Suppose -33*a + 379 + 902 = 192. What is the greatest common factor of h and a?
11
Suppose s - 2 = 6*x - 7*x, s - 5 = 2*x. Suppose -r + 60 = -10*w + 12*w, 218 = 4*r - s*w. What is the highest common divisor of 98 and r?
14
Suppose 43 = -3*o + 4*o. Let z be (-1486)/(-4) - -15 - 3/(-6). What is the highest common factor of z and o?
43
Suppose 0 = 326*d - 303*d - 32430. What is the highest common divisor of 36 and d?
6
Let z(m) = 4*m**2 - 48*m + 10. Let w be z(12). Suppose 4*k + 2*h - w = 0, -k + 9 = -h + 5. Suppose -d + 9 = k. Calculate the highest common divisor of 48 and d.
6
Suppose k + 265 = -5*s, -238 = k - 5*s - 3. Let q = -240 - k. What is the highest common divisor of 290 and q?
10
Let j(z) = 32*z**2 + z - 1. Suppose -6 = 2*i - 8. Let d be j(i). Suppose -2*o = -5*u + 153, u + 0 = -o + d. Calculate the greatest common factor of u and 62.
31
Let a(j) = 4*j + 49. Let s be a(12). Suppose 5*w - 555 = 3*x, 3*w - 212 - s = -3*x. Calculate the greatest common divisor of w and 72.
36
Let n be (-5)/((-15)/44) + (-3)/(-9). Let m(p) = -30*p + 12. Let b be m(-12). Suppose 4*t - b - 168 = 0. What is the greatest common factor of n and t?
15
Let f be (-125)/10*472/(-20). Let o = 395 - f. Calculate the greatest common divisor of o and 75.
25
Let w be (-4)/18 - 3*4/(-54). Suppose -c + 7 - 7 = w. Suppose -3*u + l = -111 + 14, -2*u - l + 63 = c. What is the greatest common divisor of u and 4?
4
Let j = -1081 + 1095. What is the greatest common divisor of 1022 and j?
14
Let j(t) = t**2 + 16*t + 13. Let p be j(-17). Suppose -p*d + 26 = -29*d. Suppose 110 = -3*m + 461. Calculate the greatest common divisor of m and d.
13
Suppose 5*d = b + 4, -2*b - b + 5*d + 8 = 0. Let k be 51/(9/b + 0). Suppose 11*t = -116 + 310 + 367. Calculate the highest common factor of t and k.
17
Suppose -1110 = -4*j - 4*h + 5966, 0 = 5*j - 3*h - 8805. What is the greatest common factor of j and 9?
9
Let r = 38 + -34. Suppose -r*c - 20 = -4*i, 6*c - c = -15. Suppose -42 = -i*n - 0. Calculate the greatest common factor of 3 and n.
3
Let m = 73 + -71. Suppose 0 = 5*o + 7*p - 6*p - 18, 0 = o + m*p - 9. What is the highest common factor of o and 27?
3
Let b be 47/3 + ((-5)/(-1))/15. Suppose 0 = -4*c - b, 340 = 5*y - 3*y + 5*c. What is the highest common factor of y and 20?
20
Let z = 7 - 3. Let y = -257 + 259. Suppose l - 6*l = -2*b - 326, 2*l = -y*b + 122. What is the highest common divisor of z and l?
4
Let o(s) = 2*s + 90. Let a be o(0). Suppose -79 = -5*b + 141. Suppose -47*x = -b*x - 30. Calculate the highest common divisor of a and x.
10
Let j(v) = 15*v**3 - 7*v**2 - 15*v + 46. Let h be j(3). What is the greatest common factor of h and 7?
7
Suppose s = -2*s + 342. Let x = -481 + 670. Let f = -113 + x. Calculate the highest common divisor of s and f.
38
Let k(w) = w**2 + 10*w - 176. Let v be k(10). Let x = 64 - 56. What is the highest common factor of x and v?
8
Let d be (17 + -13)/4*(0 + 13). Calculate the highest common factor of 923 and d.
13
Let p(a) = -a**3 - a**2 - a + 15. Let s be p(0). Let g = 5798 + -5663. What is the greatest common factor of s and g?
15
Let r(y) = -411*y - 1122. Let v be r(-4). What is the greatest common divisor of v and 45?
9
Let f be 1/((2/198)/(21/(-63))). Let r(y) = y**2 + 11*y. Let j be r(-7). Let w = j - f. What is the highest common divisor of w and 35?
5
Suppose v - 327 = -n, -3*n - 4*v + 7*v + 957 = 0. Let s = n - 319. Calculate the highest common divisor of 22 and s.
2
Suppose 32047*l + 297258 = 32121*l. What is the greatest common divisor of 52 and l?
13
Let v = -103 - -155. Let m be -34*2/2 + 0. Let a = m + v. What is the greatest common divisor of a and 27?
9
Let a = -16541 - -16557. Calculate the highest common divisor of a and 33312.
16
Suppose 5260 - 6271 - 8757 = -44*m. Suppose 2*p - 5*h = 12 - 0, -6 = -p - h. What is the highest common divisor of m and p?
6
Let c be (-1 - 288/(-64)*(-2)/3) + 24. What is the greatest common divisor of c and 2780?
20
Suppose -7 - 47 = -3*k. Suppose -3*h + x + 3*x = 0, -4*x + 20 = 2*h. Suppose -2*u + h*z = -106, 9 - 21 = 3*z. Calculate the greatest common divisor of k and u.
9
Suppose 30*p + 59*p = 2937. Calculate the highest common divisor of p and 110.
11
Let a be ((-48)/42)/(4/(-14)). Suppose -2*t + 52 = a*v - 4*t, 2*v = -4*t + 46. Suppose -v*y + 6*y = -72. What is the highest common factor of 72 and y?
8
Let i = 1222 - 1220. Calculate the greatest common factor of 11 and i.
1
Let g(s) = -75*s**2 + s - 5. Let k be g(-2). Let f = -262 - k. Calculate the highest common divisor of 75 and f.
15
Let m = -622 + 371. Let x = m + 371. Calculate the highest common factor of 30 and x.
30
Suppose 0 = 5*b + 5*s - 615, 5*b - 10*s + 5*s = 575. Let d be (-6)/4*128/(-16). Suppose -2*f + d + 22 = 0. What is the greatest common divisor of b and f?
17
Let j = -1917 - -7346. What is the greatest common divisor of j and 178?
89
Let f be 10*2/4*-2. Let c be (-106)/f + (-14)/(-35). Let l = 2647 + -2636. What is the greate